ist the prime factors of 30715.
5, 6143
List the prime factors of 20878322.
2, 719, 14519
List the prime factors of 640334.
2, 127, 2521
What are the prime factors of 1589789?
17, 5501
What are the prime factors of 1628732?
2, 7, 58169
List the prime factors of 753889.
31, 83, 293
What are the prime factors of 6208613?
6208613
List the prime factors of 12943.
7, 43
What are the prime factors of 122362?
2, 193, 317
What are the prime factors of 13364818?
2, 6682409
List the prime factors of 509597.
11, 46327
List the prime factors of 533126.
2, 11, 2203
What are the prime factors of 1663507?
19, 87553
List the prime factors of 196271.
196271
List the prime factors of 19148083.
61, 89, 3527
What are the prime factors of 4330794?
2, 3, 13, 4271
What are the prime factors of 12938288?
2, 11, 41, 163
List the prime factors of 6235704.
2, 3, 9623
What are the prime factors of 3160915?
5, 31, 20393
List the prime factors of 1604959.
197, 8147
What are the prime factors of 174876?
2, 3, 13, 19, 59
List the prime factors of 9222572.
2, 2305643
List the prime factors of 20230298.
2, 11, 919559
List the prime factors of 2201303.
13, 29, 5839
List the prime factors of 227249.
11, 73, 283
What are the prime factors of 689314?
2, 523, 659
What are the prime factors of 419591?
419591
What are the prime factors of 3804442?
2, 1902221
List the prime factors of 1474400.
2, 5, 19, 97
What are the prime factors of 949800?
2, 3, 5, 1583
What are the prime factors of 19687031?
7, 13, 47, 4603
What are the prime factors of 7151385?
3, 5, 476759
What are the prime factors of 309601?
79, 3919
List the prime factors of 409818.
2, 3, 167, 409
List the prime factors of 4421770.
2, 5, 442177
List the prime factors of 288878.
2, 144439
What are the prime factors of 228245?
5, 191, 239
What are the prime factors of 32170195?
5, 6434039
List the prime factors of 209213.
209213
What are the prime factors of 1010747?
1010747
List the prime factors of 22822476.
2, 3, 1279, 1487
What are the prime factors of 20494797?
3, 6831599
What are the prime factors of 4475265?
3, 5, 61, 67, 73
List the prime factors of 1657.
1657
List the prime factors of 167841.
3, 17, 1097
What are the prime factors of 1252192?
2, 109, 359
List the prime factors of 1447787.
11, 131617
List the prime factors of 2115527.
2115527
What are the prime factors of 1326115?
5, 7, 37889
What are the prime factors of 90338?
2, 17, 2657
What are the prime factors of 20703?
3, 67, 103
What are the prime factors of 123298?
2, 7, 8807
What are the prime factors of 775805?
5, 155161
What are the prime factors of 161024?
2, 17, 37
What are the prime factors of 2099002?
2, 43, 24407
List the prime factors of 1136676.
2, 3, 94723
What are the prime factors of 9285214?
2, 4642607
What are the prime factors of 1357223?
7, 41, 4729
What are the prime factors of 401005?
5, 11, 23, 317
What are the prime factors of 30859525?
5, 829, 1489
What are the prime factors of 375960?
2, 3, 5, 13, 241
What are the prime factors of 728676?
2, 3, 13, 173
What are the prime factors of 355431?
3, 257, 461
What are the prime factors of 6260456?
2, 43, 18199
What are the prime factors of 29142733?
4721, 6173
List the prime factors of 12648812.
2, 11, 103, 2791
List the prime factors of 7152619.
7152619
List the prime factors of 804329.
804329
What are the prime factors of 196053?
3, 11, 13, 457
What are the prime factors of 5026736?
2, 11, 13
List the prime factors of 104786.
2, 11, 433
What are the prime factors of 3989360?
2, 5, 47, 1061
What are the prime factors of 167709?
3, 55903
List the prime factors of 10055339.
7, 205211
What are the prime factors of 821137?
47, 17471
List the prime factors of 13873700.
2, 5, 17, 8161
What are the prime factors of 282260?
2, 5, 11, 1283
List the prime factors of 9594325.
5, 13, 53, 557
List the prime factors of 637274.
2, 11, 83, 349
List the prime factors of 109626.
2, 3, 11, 151
List the prime factors of 29372.
2, 7, 1049
List the prime factors of 271348.
2, 7, 11, 881
What are the prime factors of 28574862?
2, 3, 4762477
List the prime factors of 4200163.
11, 41, 67, 139
What are the prime factors of 196683?
3, 53, 1237
What are the prime factors of 7094632?
2, 59, 15031
List the prime factors of 5396999.
701, 7699
List the prime factors of 371231.
7, 181, 293
List the prime factors of 3152049.
3, 31, 33893
What are the prime factors of 4649025?
3, 5, 61987
What are the prime factors of 3727623?
3, 563, 2207
What are the prime factors of 4023860?
2, 5, 201193
What are the prime factors of 357927?
3, 229, 521
List the prime factors of 252309.
3, 31, 2713
What are the prime factors of 126274?
2, 19, 3323
What are the prime factors of 16814141?
41, 397, 1033
What are the prime factors of 188798?
2, 94399
What are the prime factors of 121645?
5, 24329
List the prime factors of 363685.
5, 7, 10391
List the prime factors of 2802013.
2802013
What are the prime factors of 2819042?
2, 17, 82913
What are the prime factors of 4553322?
2, 3, 758887
What are the prime factors of 2039793?
3, 7, 137, 709
List the prime factors of 13002671.
11, 17, 31, 2243
List the prime factors of 86593.
13, 6661
List the prime factors of 139374.
2, 3, 29, 89
List the prime factors of 17887508.
2, 173, 25849
What are the prime factors of 278154?
2, 3, 17, 101
List the prime factors of 12069496.
2, 1508687
What are the prime factors of 27101780?
2, 5, 1355089
What are the prime factors of 266016?
2, 3, 17, 163
What are the prime factors of 121174?
2, 43, 1409
What are the prime factors of 141410?
2, 5, 79, 179
List the prime factors of 6743735.
5, 1348747
List the prime factors of 6879039.
3, 2293013
What are the prime factors of 12187827?
3, 17, 53, 167
What are the prime factors of 857072?
2, 17, 23, 137
What are the prime factors of 170951?
11, 15541
List the prime factors of 2843490.
2, 3, 5, 13, 23, 317
List the prime factors of 2622634.
2, 7, 37, 61, 83
What are the prime factors of 62165?
5, 12433
What are the prime factors of 3345788?
2, 29, 28843
What are the prime factors of 189479?
189479
List the prime factors of 611569.
7, 1783
List the prime factors of 64659.
3, 7, 3079
List the prime factors of 180768.
2, 3, 7, 269
List the prime factors of 418641.
3, 139547
List the prime factors of 158285.
5, 31657
What are the prime factors of 1125583?
89, 12647
List the prime factors of 910458.
2, 3, 50581
List the prime factors of 700910.
2, 5, 7, 17, 19, 31
What are the prime factors of 27970619?
313, 89363
What are the prime factors of 2727300?
2, 3, 5, 9091
List the prime factors of 3833236.
2, 11, 87119
What are the prime factors of 17777024?
2, 138883
What are the prime factors of 16117850?
2, 5, 7, 46051
List the prime factors of 6488991.
3, 80111
List the prime factors of 244351.
244351
List the prime factors of 131010.
2, 3, 5, 11, 397
List the prime factors of 25910121.
3, 23, 375509
List the prime factors of 3145605.
3, 5, 209707
What are the prime factors of 1393084?
2, 7, 11, 4523
What are the prime factors of 181507?
19, 41, 233
List the prime factors of 183729.
3, 7, 13, 673
List the prime factors of 201707.
11, 1667
List the prime factors of 288914.
2, 19, 7603
What are the prime factors of 7329815?
5, 1465963
What are the prime factors of 3502963?
3502963
List the prime factors of 367895.
5, 11, 6689
List the prime factors of 104194.
2, 59, 883
What are the prime factors of 4207634?
2, 2103817
List the prime factors of 95405.
5, 19081
What are the prime factors of 287213?
503, 571
What are the prime factors of 288483?
3, 13, 569
What are the prime factors of 50506?
2, 25253
What are the prime factors of 11493717?
3, 17, 37, 6091
What are the prime factors of 327183?
3, 191, 571
List the prime factors of 494911.
41, 12071
List the prime factors of 393813.
3, 7, 19, 47
What are the prime factors of 1473789?
3, 109, 4507
What are the prime factors of 295305?
3, 5, 19687
What are the prime factors of 846335?
5, 7, 24181
What are the prime factors of 332391?
3, 101, 1097
List the prime factors of 3666987.
3, 47, 8669
What are the prime factors of 171316?
2, 42829
List the prime factors of 147366.
2, 3, 2729
List the prime factors of 776368.
2, 48523
List the prime factors of 16900440.
2, 3, 5, 140837
List the